 6*j**2 - 9*j + 3*j**t. Let x be h(9). Let z(m) = m**3 + 5*m**2 + 4*m - 2. Determine z(x).
-2
Suppose 4 = 5*a - 6. Let j(u) = 5*u - u - u - a*u. Determine j(5).
5
Let i(h) = -5*h + 37. Let k(u) = -2*u + 13. Let d(x) = -6*i(x) + 17*k(x). Suppose 2*t - 15 = 7*t. Let r = 4 + t. Calculate d(r).
-5
Let a(c) = -c + 8. Let r be a(6). Suppose g + r = 4. Let w(h) = -2*h**2 + 1. Calculate w(g).
-7
Let p(n) = 3*n**3 + n + 1. Let k(q) = -q**3 - 5*q**2 - q - 5. Let g be k(-5). Suppose g = 2*c + c - 6. Suppose 3*j + c*j = 25, -5*j + 28 = -3*a. Determine p(a).
-3
Let q(z) = -z**3 - 5*z**2 - z - 6. Let h be q(-5). Let p(o) be the second derivative of -o - 1/6*o**3 - 1/6*o**4 + 0 + 3/20*o**5 + 0*o**2. Determine p(h).
-4
Let n be ((-1 + 1)/(-3))/1. Let v(l) = -2*l**3 + 3*l + 9. Let a(x) = -x**3 + x + 4. Let p(o) = 5*a(o) - 2*v(o). Determine p(n).
2
Let r be (-1)/(-3)*(0 - 0)/(-8). Let s(l) be the second derivative of 1/2*l**2 - 3*l + r*l**3 - 1/20*l**5 + 1/6*l**4 + 0. Calculate s(2).
1
Let r(t) = -5*t + 3*t + 2 + 3*t. Let g(x) = -3*x + 1. Let s be g(1). Calculate r(s).
0
Let w(n) = -n. Let a = -53 - -47. Determine w(a).
6
Let y(v) = -v + 1. Suppose 2*l - w = 13, 0*w = -2*w - 2. Suppose n - l = 9. Suppose -5*r + f + 3 + 2 = 0, -2*r + 3*f = -n. What is y(r)?
1
Let v(g) be the third derivative of 0*g + 1/12*g**4 + 4*g**2 + 0 + 1/6*g**3. Suppose -4 = -3*j + 4*l, -j + 4*j - 2*l = -4. Give v(j).
-7
Let j = 0 - -2. Suppose 2 = j*m - 2. Suppose -m*x = -3*q + 6, 2*q + 9 = -3*x + 7*q. Let d(f) = f**2 + 2*f - 4. What is d(x)?
-1
Let m(g) = g**3 - 3*g**2 - 5*g. Let d = 50 + -28. Suppose -p = p - d. Let u = p + -7. Give m(u).
-4
Let s be (-3)/6*(1 - -5). Let g(h) be the second derivative of h**4/12 + h**3 + h**2/2 - 2*h. What is g(s)?
-8
Suppose 0 = h + 3*j - 5, 7*h - 4*j - 4 = 3*h. Suppose 4*b = -h*b - 24. Let i(v) = 4*v + 1. Let u(t) = 5*t + 1. Let x(a) = 3*i(a) - 2*u(a). What is x(b)?
-7
Let m(r) = 2*r - 8. Let h be m(6). Let s(a) = 2*a + 2*a - h - 7*a. Let j be (-3)/4*4/1. Determine s(j).
5
Let l(p) = -p - 7 + 11 + 2*p. Let t = 13 + -16. Give l(t).
1
Suppose 5*s + 25 = -0. Let o(q) be the first derivative of q**3/3 + 3*q**2/2 - 4*q + 14. Calculate o(s).
6
Let q = 3 - 6. Let m(x) = x**3 - 3*x**2 + 5. Let y(s) = -s**2 + 1. Let p(h) = m(h) - 6*y(h). What is p(q)?
-1
Let p(z) = -2*z - 14. Let h be p(-6). Let m(x) be the first derivative of -x**3/3 - x**2/2 - 1. What is m(h)?
-2
Let z(b) = b**2 - 1. Let x(l) = 5*l**2 + 4*l - 11. Let j(h) = -x(h) + 6*z(h). Determine j(4).
5
Let d(r) = 13*r**2 + r - 1. Let v be d(1). Suppose -2*u = 3 - v. Let l(y) = -18 + 24 + 0*y**2 + 4*y + 4*y**2 - y**3. Give l(u).
1
Let g(t) = -t**2 + 12*t - 11. Let v be (-9)/(-6) - (-3)/2. Suppose 3*l + z - 5*z = 21, -v*l = -2*z - 27. Let c be g(l). Let u(s) = -s**3 - s - 7. What is u(c)?
-7
Let x be 5*(6/(-5) - -2). Let a = 3 - x. Let z(o) = -5*o**3 - o**2 - 2*o - 1. Calculate z(a).
5
Let b(f) = -f**3 + f**2 - f - 7. Let g = -9 - -18. Suppose 5*r = g*r. What is b(r)?
-7
Let y(h) = -11*h**2 - h. Suppose -19*v + 24*v = 5. Determine y(v).
-12
Let n(b) = -3*b + 1. Let w(p) = p**2 - 3*p + 3. Let d be w(2). Let v be n(d). Let c(j) be the second derivative of -j**3/3 - 3*j**2/2 - 10*j. Determine c(v).
1
Suppose -4*y + 6*y - 8 = -5*c, y = -c + 1. Let g(b) be the second derivative of 0*b**c - 2/3*b**3 - 2*b + 0. Give g(-1).
4
Let g(s) be the first derivative of s**3/3 + 9*s**2/2 + 9*s + 2. Let o(m) = 4*m + 1. Let f be o(-2). Determine g(f).
-5
Let t(j) = -j**2 + 3*j + 2. Let c be (-2)/(-8) + 94/8. Suppose -c = 3*g - 6*g. Let o be (-2)/(-8) - (-11)/g. Calculate t(o).
2
Let r(j) = 2*j**2 - 2*j - j**2 - j + 7*j - 8. Give r(-6).
4
Let x(l) = -7*l + 3. Let y(g) = -8*g + 4. Let c(a) = 3*x(a) - 2*y(a). Determine c(-1).
6
Let d(i) = -3*i + 1 + 8*i - 7*i. What is d(2)?
-3
Let i(g) = -g**3 - 5*g**2 - 2*g + 3. Let m = 0 - 0. Suppose m = 2*a - 7*a - 20. Calculate i(a).
-5
Let r(m) = m - 1. Let q(b) = 2*b**2 - 18*b - 18. Let d be q(10). Determine r(d).
1
Let f(p) = 9*p**2 + 2*p + 1. Suppose -64 - 44 = -3*q. Let x be q/(-28) - (-2)/7. Determine f(x).
8
Suppose 0 + 1 = b. Let h(n) = 6*n**3 - 2*n + 1. Give h(b).
5
Let d(j) = -6*j + 19*j - 16*j. Let x = 5 + -3. Give d(x).
-6
Suppose 0*t + 40 = -5*t. Let v = 14 + t. Let a(b) = -v - 2*b**2 - b**2 + 7*b + 2*b**2. Determine a(4).
6
Suppose -2*u - v = 6, 8*u - 3*u - v = -29. Let i(s) = -2*s - 7. Calculate i(u).
3
Let o be (3/(-2) + 1)*0. Let q(a) = -10*a - 47. Let w(u) = -7*u - 32. Let t(f) = -5*q(f) + 7*w(f). What is t(o)?
11
Let v(o) be the first derivative of o**4/4 - 8*o**3/3 + o**2 - 12*o + 34. Calculate v(8).
4
Let f(x) = x**2 + 5*x + 2. Let t(u) = 3*u**2 + 14*u + 6. Let z(m) = -11*f(m) + 4*t(m). Suppose 0 = -9*c + 3*c - 18. Determine z(c).
8
Let a(m) be the third derivative of -m**6/120 + m**5/15 + m**4/8 - m**3/2 + 5*m**2. Let r be 0/(2 - 1) + 5. What is a(r)?
-13
Let m(k) = -k + 8*k**2 + 8*k**2 - 18*k**2. What is m(1)?
-3
Let l(v) = 6*v**2 - 2*v + 0*v**2 - 1 - 8*v**2. What is l(2)?
-13
Let g = -60 - -71. Let v(m) = m**2 - 12*m + 9. Determine v(g).
-2
Let s(l) = -l**2 + 2. Let t = 2 + -2. Let k be (-36)/15 - (-6)/15. Let q = t - k. Calculate s(q).
-2
Let c(s) be the second derivative of s**4/6 + s**3/6 - 13*s. Determine c(-2).
6
Let a(u) = -5*u**2 + 3*u. Let i = 1 - -1. Determine a(i).
-14
Let g(m) = -6*m**2 - 3*m + 4. Let d(y) = 7*y**2 + 4*y - 5. Let i(s) = 2*d(s) + 3*g(s). Suppose -2*a - 4 = -0*a. What is i(a)?
-12
Let a be (-1)/(-4) - (90/8)/5. Let t(r) = r**3 - 2*r**2 - 2*r. Determine t(a).
-12
Let j(c) = 4*c + 0*c**2 + 1 + 2*c**2 - 3*c**2. Let t be 20/6*3/2. Give j(t).
-4
Let d(n) = -n - 2. Let q be (6/(-10) - -1)*15. Suppose -q = -5*u + 14. Let c be (-3)/(1/u + -1). Calculate d(c).
-6
Let c(n) be the first derivative of -n**2 + 3. Determine c(2).
-4
Let m be (-1 - 3/(-2))*0. Let i be m/(-1*(0 + 1)). Let c(j) = -j**3 + j**2 - j - 3. Determine c(i).
-3
Let t(p) = -6 + 2*p + 3 + 2. Calculate t(1).
1
Let a(k) be the third derivative of -k**4/12 + 5*k**3/6 + 4*k**2. Let b(s) = -10*s + 24. Let y(z) = 14*a(z) - 3*b(z). Give y(6).
10
Let f(d) be the first derivative of 0*d**3 + d - d**2 + 3 - 11/4*d**4. Determine f(1).
-12
Let v(b) = 4 + 0*b**2 - 2*b**2 + b + 3*b**2 + 2*b. Determine v(-4).
8
Let s(x) be the second derivative of x**8/6720 - x**7/2520 + x**6/240 - x**5/120 + 2*x**4/3 + 9*x. Let l(r) be the third derivative of s(r). Calculate l(2).
9
Let r(q) = -4*q. Suppose -4*c = -t, t + 3*t = 16. What is r(c)?
-4
Let f(o) = -3*o**2 + 4*o - 1. Let l(b) = -3*b**2 + 4*b. Let p(c) = 3*f(c) - 2*l(c). Let z be (2 - -4)*(-3)/(-9). Determine p(z).
-7
Let x(r) be the third derivative of -r**5/60 - r**4/24 + 8*r**3/3 - 8*r**2. Calculate x(0).
16
Suppose 0 = 3*i - 3*c - 8 - 1, -5*i - 3*c = -15. Suppose 36 = -v - i*v. Let o = v - -7. Let q(n) = -3*n. Determine q(o).
6
Suppose g = 2*g. Let d(q) = -3*q + 0*q + g + 2 - 3. Determine d(3).
-10
Let o(i) be the second derivative of -i**3/6 + 9*i**2/2 + 15*i. Determine o(6).
3
Let v(o) = 2*o - 1. Let k(w) = -w - 5. Let q be k(-9). Suppose -17 = q*p + 19. Let u be -2 - 6/(p/(-3)). Give v(u).
-9
Let u(m) = -3*m**2 - 21*m + 1. Let p(r) = 5*r**2 + 32*r - 2. Let v(a) = 5*p(a) + 8*u(a). Give v(7).
-9
Suppose -h + 6*h = -3*b - 6, 0 = -3*b + 3*h - 30. Let j(t) = 2*t + 9. Give j(b).
-5
Let c = -6 - -2. Let g(d) be the first derivative of -d**3/3 - 7*d**2/2 - 5*d + 3. What is g(c)?
7
Let c(z) = -9*z - 4 + 6*z**2 - 5*z**2 + 8. Determine c(9).
4
Suppose -2*j + 72 = 4*m, 7*j = 4*m + 3*j - 48. Suppose -16 = 5*f + 4*u, 3*f - 4*u = -2*f + m. Let l(h) = -h + 8. Calculate l(f).
8
Let y(q) = 2*q**2 + 8*q + 3. Let i(z) = 10*z**2 + 40*z + 15. Let j(d) = -2*i(d) + 11*y(d). Give j(-5).
13
Let k be ((-2)/5)/1*-10. Suppose j - 3*j - 2*i = 4, k*i = -16. Let d(p) = -p + 0*p - 1 + j*p. Give d(-2).
-3
Let d = 6 - 2. Suppose 0*z - 2*x = 4*z - 24, 2*x = d*z - 24. Let j(m) be the second derivative of m**4/12 - 7*m**3/6 + 3*m**2/2 + m. What is j(z)?
-3
Suppose -2*g = -0*g. Let t(s) = 1 + s + g + 0*s. Let f(q) = -q + 10. Let i be f(7). Give t(i).
4
Let q(y) = -y**3 + 5*y**2 - 3*y + 4. Let o(g) be the second derivative of -3*g**5/10 - g**4/12 + g**3/6 + g**2/2 - 3*g. Let w be o(-1). What is q(w)?
-11
Let z(h) = -h - 1. Suppose -4*u + u + 12 = -5*x, 3*u + 3*x - 12 = 0. Give z(u).